{"id":189,"date":"2021-05-09T12:56:57","date_gmt":"2021-05-09T12:56:57","guid":{"rendered":"http:\/\/www.zahradybv.cz\/?page_id=189"},"modified":"2021-05-09T12:56:57","modified_gmt":"2021-05-09T12:56:57","slug":"zahradni-jezirka-a-vodni-prvky","status":"publish","type":"page","link":"https:\/\/www.zahradybv.cz\/index.php\/zahradni-jezirka-a-vodni-prvky\/","title":{"rendered":"Zahradn\u00ed jez\u00edrka a vodn\u00ed prvky"},"content":{"rendered":"\n<p>Vodn\u00ed prvky v zahrad\u011b? ANO! Mnoho lid\u00ed se boj\u00ed si zalo\u017eit zahradn\u00ed jez\u00edrko, t\u016f\u0148ku nebo jen mal\u00fd pot\u00e9kac\u00ed k\u00e1men, proto\u017ee si mysl\u00ed, \u017ee \u00fadr\u017eba je velmi n\u00e1ro\u010dn\u00e1. Opak je pravdou. Dok\u00e1\u017eeme V\u00e1m navrhnout vodn\u00ed prvek do zahrady tak, aby vyhovoval Va\u0161im n\u00e1rok\u016fm. Voda v zahrad\u011b p\u016fsob\u00ed relaxa\u010dn\u011b a o\u017eiv\u00ed zahradu o zvukov\u00e9 vjemy a tak\u00e9 o v\u00fdskyt nov\u00fdch n\u00e1v\u0161t\u011bvn\u00edku fauny.<\/p>\n","protected":false},"excerpt":{"rendered":"<p>Vodn\u00ed prvky v zahrad\u011b? ANO! Mnoho lid\u00ed se boj\u00ed si zalo\u017eit zahradn\u00ed jez\u00edrko, t\u016f\u0148ku nebo jen mal\u00fd pot\u00e9kac\u00ed k\u00e1men, proto\u017ee si mysl\u00ed, \u017ee \u00fadr\u017eba je velmi n\u00e1ro\u010dn\u00e1. Opak je pravdou.<\/p>\n<p>\n                <span class=\"glyphicon glyphicon-arrow-right\"><a title=\"Continue reading\" href=\"https:\/\/www.zahradybv.cz\/index.php\/zahradni-jezirka-a-vodni-prvky\/\">Continue reading<\/a><\/span><\/p>\n","protected":false},"author":1,"featured_media":0,"parent":0,"menu_order":0,"comment_status":"closed","ping_status":"closed","template":"","meta":{"footnotes":""},"_links":{"self":[{"href":"https:\/\/www.zahradybv.cz\/index.php\/wp-json\/wp\/v2\/pages\/189"}],"collection":[{"href":"https:\/\/www.zahradybv.cz\/index.php\/wp-json\/wp\/v2\/pages"}],"about":[{"href":"https:\/\/www.zahradybv.cz\/index.php\/wp-json\/wp\/v2\/types\/page"}],"author":[{"embeddable":true,"href":"https:\/\/www.zahradybv.cz\/index.php\/wp-json\/wp\/v2\/users\/1"}],"replies":[{"embeddable":true,"href":"https:\/\/www.zahradybv.cz\/index.php\/wp-json\/wp\/v2\/comments?post=189"}],"version-history":[{"count":1,"href":"https:\/\/www.zahradybv.cz\/index.php\/wp-json\/wp\/v2\/pages\/189\/revisions"}],"predecessor-version":[{"id":191,"href":"https:\/\/www.zahradybv.cz\/index.php\/wp-json\/wp\/v2\/pages\/189\/revisions\/191"}],"wp:attachment":[{"href":"https:\/\/www.zahradybv.cz\/index.php\/wp-json\/wp\/v2\/media?parent=189"}],"curies":[{"name":"wp","href":"https:\/\/api.w.org\/{rel}","templated":true}]}}