{"id":184,"date":"2021-05-09T12:55:38","date_gmt":"2021-05-09T12:55:38","guid":{"rendered":"http:\/\/www.zahradybv.cz\/?page_id=184"},"modified":"2021-05-09T12:55:38","modified_gmt":"2021-05-09T12:55:38","slug":"pece-o-zahrady","status":"publish","type":"page","link":"https:\/\/www.zahradybv.cz\/index.php\/pece-o-zahrady\/","title":{"rendered":"P\u00e9\u010de o zahrady"},"content":{"rendered":"\n<p><strong>Ka\u017ed\u00e1 zahrada pot\u0159ebuje p\u00e9\u010di, \u017e\u00e1dnou zahradu nem\u016f\u017eeme ozna\u010dit za bez\u00fadr\u017ebovou, hlavn\u011b ne ty, kter\u00e9 maj\u00ed velk\u00e9 plochy tr\u00e1vn\u00edku! <\/strong><\/p>\n\n\n\n<p>Do zahrady je pot\u0159eba minim\u00e1ln\u011b 3\u00d7 do roka odborn\u011b zas\u00e1hnout. Nejd\u016fle\u017eit\u011bj\u0161\u00ed je nezanedbat ve\u0161ker\u00e9 postupy. Pokud zahrad\u011b nedod\u00e1me pot\u0159ebnou p\u00e9\u010di, nebude n\u00e1m slou\u017eit k na\u0161\u00ed radosti. <\/p>\n\n\n\n<p>Tak\u00e9 je d\u016fle\u017eit\u00e9 uv\u011bdomit si, \u017ee nechceme b\u00fdt otrok zahrady, chceme si ji u\u017e\u00edvat a relaxovat.<\/p>\n\n\n\n<p>O Va\u0161i zahradu se r\u00e1di budeme pravideln\u011b starat, sv\u011b\u0159te n\u00e1m ji do rukou a uvid\u00edte, jak rozkvete.<\/p>\n","protected":false},"excerpt":{"rendered":"<p>Ka\u017ed\u00e1 zahrada pot\u0159ebuje p\u00e9\u010di, \u017e\u00e1dnou zahradu nem\u016f\u017eeme ozna\u010dit za bez\u00fadr\u017ebovou, hlavn\u011b ne ty, kter\u00e9 maj\u00ed velk\u00e9 plochy tr\u00e1vn\u00edku! Do zahrady je pot\u0159eba minim\u00e1ln\u011b 3\u00d7 do roka odborn\u011b zas\u00e1hnout. Nejd\u016fle\u017eit\u011bj\u0161\u00ed je<\/p>\n<p>\n                <span class=\"glyphicon glyphicon-arrow-right\"><a title=\"Continue reading\" href=\"https:\/\/www.zahradybv.cz\/index.php\/pece-o-zahrady\/\">Continue reading<\/a><\/span><\/p>\n","protected":false},"author":1,"featured_media":0,"parent":0,"menu_order":0,"comment_status":"closed","ping_status":"closed","template":"","meta":{"footnotes":""},"_links":{"self":[{"href":"https:\/\/www.zahradybv.cz\/index.php\/wp-json\/wp\/v2\/pages\/184"}],"collection":[{"href":"https:\/\/www.zahradybv.cz\/index.php\/wp-json\/wp\/v2\/pages"}],"about":[{"href":"https:\/\/www.zahradybv.cz\/index.php\/wp-json\/wp\/v2\/types\/page"}],"author":[{"embeddable":true,"href":"https:\/\/www.zahradybv.cz\/index.php\/wp-json\/wp\/v2\/users\/1"}],"replies":[{"embeddable":true,"href":"https:\/\/www.zahradybv.cz\/index.php\/wp-json\/wp\/v2\/comments?post=184"}],"version-history":[{"count":1,"href":"https:\/\/www.zahradybv.cz\/index.php\/wp-json\/wp\/v2\/pages\/184\/revisions"}],"predecessor-version":[{"id":187,"href":"https:\/\/www.zahradybv.cz\/index.php\/wp-json\/wp\/v2\/pages\/184\/revisions\/187"}],"wp:attachment":[{"href":"https:\/\/www.zahradybv.cz\/index.php\/wp-json\/wp\/v2\/media?parent=184"}],"curies":[{"name":"wp","href":"https:\/\/api.w.org\/{rel}","templated":true}]}}